2d (base 15) in base 4?
223
What is d (base 15) in base 12?
11
What is 10 (base 14) in base 2?
1110
What is -24 (base 15) in base 10?
-34
What is -2 (base 7) in base 5?
-2
-2124 (base 5) to base 3
-101201
1 (base 2) to base 12
1
Convert -4 (base 7) to base 6.
-4
What is -e3 (base 16) in base 2?
-11100011
What is 100 (base 2) in base 4?
10
1a3 (base 11) to base 13
150
What is 2 (base 7) in base 14?
2
What is 5 (base 6) in base 7?
5
Convert 8 (base 12) to base 14.
8
Convert -1 (base 6) to base 10.
-1
-11 (base 4) to base 8
-5
-42 (base 16) to base 10
-66
6 (base 15) to base 9
6
Convert -46 (base 7) to base 13.
-28
-3 (base 16) to base 13
-3
Convert -40 (base 9) to base 12.
-30
12201 (base 3) to base 14
b0
1014 (base 5) to base 10
134
What is -4 (base 15) in base 14?
-4
Convert 18 (base 16) to base 13.
1b
Convert 1 (base 2) to base 14.
1
What is 10 (base 2) in base 7?
2
What is 0 (base 6) in base 12?
0
Convert 1111 (base 7) to base 14.
208
-12 (base 12) to base 11
-13
Convert 2 (base 5) to base 8.
2
What is -110 (base 4) in base 15?
-15
What is -6 (base 13) in base 3?
-20
What is 3 (base 10) in base 3?
10
What is -74 (base 16) in base 7?
-224
What is 3 (base 13) in base 9?
3
-1031 (base 4) to base 2
-1001101
167 (base 16) to base 13
218
Convert -4 (base 6) to base 3.
-11
What is -300 (base 4) in base 12?
-40
What is -3 (base 16) in base 13?
-3
Convert 6 (base 16) to base 6.
10
11 (base 2) to base 7
3
331 (base 10) to base 4
11023
4 (base 14) to base 4
10
What is -43 (base 13) in base 9?
-61
43 (base 7) to base 8
37
What is 110 (base 3) in base 12?
10
Convert 2 (base 14) to base 7.
2
11 (base 7) to base 3
22
Convert -3 (base 5) to base 3.
-10
-63 (base 8) to base 14
-39
What is -1 (base 3) in base 11?
-1
What is -72 (base 13) in base 9?
-113
-16 (base 12) to base 2
-10010
-3 (base 6) to base 11
-3
-101 (base 3) to base 16
-a
What is 14 (base 13) in base 9?
18
Convert -c1 (base 15) to base 4.
-2311
13 (base 4) to base 16
7
What is 4 (base 16) in base 7?
4
Convert -4 (base 15) to base 4.
-10
What is 1a (base 13) in base 5?
43
Convert 1321 (base 4) to base 2.
1111001
-19 (base 15) to base 4
-120
Convert -26 (base 16) to base 5.
-123
Convert -5 (base 7) to base 12.
-5
What is -110 (base 2) in base 13?
-6
Convert -34 (base 12) to base 4.
-220
Convert 12 (base 13) to base 15.
10
296 (base 10) to base 12
208
What is 67 (base 13) in base 7?
151
What is 26 (base 7) in base 5?
40
What is 5 (base 16) in base 13?
5
11 (base 4) to base 2
101
-16 (base 15) to base 3
-210
-1 (base 2) to base 7
-1
What is 25 (base 8) in base 14?
17
Convert 0 (base 4) to base 2.
0
-7 (base 8) to base 9
-7
-2 (base 10) to base 5
-2
-30 (base 10) to base 15
-20
What is -11 (base 5) in base 3?
-20
Convert -5 (base 12) to base 3.
-12
Convert -3 (base 5) to base 6.
-3
Convert -1a (base 14) to base 8.
-30
112 (base 4) to base 15
17
What is -14 (base 14) in base 12?
-16
Convert -3 (base 15) to base 6.
-3
-4 (base 13) to base 6
-4
Convert 3 (base 13) to base 8.
3
What is -71 (base 9) in base 10?
-64
What is -15 (base 6) in base 13?
-b
What is -48 (base 9) in base 13?
-35
Convert -5 (base 13) to base 5.
-10
What is 3 (base 6) in base 4?
3
What is 50 (base 7) in base 2?
100011
What is 0 (base 16) in base 15?
0
Convert 10 (base 3) to base 5.
3
What is 11 (base 5) in base 8?
6
Convert -31 (base 7) to base 11.
-20
What is -14 (base 12) in base 7?
-22
What is 42 (base 16) in base 3?
2110
What is -10 (base 6) in base 2?
-110
-11 (base 4) to base 8
-5
Convert 0 (base 8) to base 7.
0
What is 3 (base 10) in base 14?
3
7 (base 16) to base 4
13
What is 10 (base 5) in base 11?
5
Convert -2 (base 10) to base 2.
-10
Convert -114 (base 15) to base 10.
-244
Convert -10 (base 3) to base 11.
-3
Convert 0 (base 12) to base 3.
0
What is 112 (base 5) in base 13?
26
Convert -436 (base 8) to base 13.
-190
c (base 13) to base 10
12
1 (base 15) to base 6
1
What is -3 (base 10) in base 6?
-3
Convert -49 (base 10) to base 16.
-31
4 (base 7) to base 6
4
-11 (base 3) to base 8
-4
Convert 2 (base 3) to base 13.
2
Convert 2013 (base 5) to base 6.
1110
Convert -40 (base 8) to base 3.
-1012
0 (base 13) to base 5
0
-17 (base 14) to base 8
-25
Convert 6 (base 10) to base 6.
10
Convert 2 (base 9) to base 5.
2
Convert -30 (base 11) to base 14.
-25
Convert 14 (base 13) to base 7.
23
228 (base 12) to base 2
101000000
What is -1 (base 5) in base 13?
-1
Convert -3 (base 14) to base 9.
-3
Convert d6 (base 14) to base 12.
138
Convert 15 (base 6) to base 13.
b
30 (base 15) to base 6
113
12 (base 3) to base 10
5
19 (base 16) to base 3
221
8 (base 11) to base 8
10
13 (base 14) to base 12
15
Convert -9 (base 11) to base 8.
-11
-6 (base 12) to base 10
-6
166 (base 8) to base 12
9a
Convert -21 (base 3) to base 4.
-13
-10 (base 4) to base 2
-100
Convert 1 (base 9) to base 2.
1
Convert -3 (base 8) to base 4.
-3
32 (base 8) to base 15
1b
Convert -6 (base 8) to base 3.
-20
Convert -70 (base 16) to base 5.
-422
Convert -204 (base 6) to base 9.
-84
What is 34 (base 14) in base 2?
101110
What is -d0 (base 15) in base 9?
-236
What is -4 (base 13) in base 12?
-4
-1 (base 13) to base 10
-1
What is -1 (base 16) in base 3?
-1
What is -8 (base 13) in base 3?
-22
What is -1043 (base 5) in base 2?
-10010100
What is -1112 (base 3) in base 6?
-105
Convert -1 (base 15) to base 3.
-1
3 (base 9) to base 5
3
What is -1 (base 9) in base 6?
-1
What is 345 (base 6) in base 14?
9b
What is 204 (base 6) in base 13?
5b
What is -11 (base 5) in base 16?
-6
What is -443 (base 5) in base 4?
-1323
-12 (base 6) to base 2
-1000
What is -274 (base 9) in base 13?
-148
13 (base 14) to base 2
10001
Convert 8 (base 15) to base 5.
13
Convert -10021 (base 3) to base 6.
-224
Convert 1 (base 3) to base 10.
1
-1 (base 14) to base 12
-1
What is -101011 (base 2) in base 14?
-31
Convert -1 (base 8) to base 3.
-1
Convert -2f (base 16) to base 3.
-1202
-59 (base 11) to base 9
-71
Convert 36 (base 10) to base 16.
24
Convert 13 (base 6) to base 7.
12
1 (base 8) to base 9
1
Convert 1 (base 16) to base 6.
1
Convert 50 (base 7) to base 10.
35
Convert -6a (base 15) to base 11.
-91
What is 1 (base 4) in base 2?
1
Convert b1 (base 16) to base 4.
2301
Convert 31 (base 6) to base 3.
201
What is 1 (base 2) in base 4?
1
Convert -5 (base 15) to base 6.
-5
-308 (base 10) to base 3
-102102
What is 3 (base 12) in base 8?
3
What is 28 (base 11) in base 4?
132
-54 (base 9) to base 3
-1211
-288 (base 11) to base 15
-178
What is 32 (base 8) in base 12?
22
What is -8 (base 14) in base 15?
-8
What is -28 (base 14) in base 9?
-40
Convert -39 (base 15) to base 6.
-130
61 (base 8) to base 4
301
4 (base 6) to base 4
10
What is 3 (base 5) in base 10?
3
What is -1 (base 12) in base 4?
-1
144 (base 5) to base 10
49
37 (base 11) to base 12
34
Convert -35 (base 6) to base 4.
-113
What is 35 (base 9) in base 2?
100000
What is 3 (base 6) in base 15?
3
4 (base 5) to base 16
4
What is 0 (base 12) in base 11?
0
What is 1101 (base 2) in base 8?
15
-16 (base 16) to base 11
-20
What is -1 (base 8) in base 2?
-1
Convert 1 (base 7) to base 3.
1
Convert 11 (base 13) to base 2.
1110
Convert -2 (base 11) to base 9.
-2
Convert 6 (base 8) to base 4.
12
Convert 1112 (base 4) to base 10.
86
Convert 46 (base 11) to base 3.
1212
11100 (base 2) to base 15
1d
What is -3 (base 10) in base 15?
-3
Convert 57 (base 13) to base 2.
1001000
Convert 22 (base 12) to base 13.
20
-1 (base 4) to base 16
-1
Convert -14 (base 16) to base 15.
-15
Convert 2222 (base 3) to base 7.
143
What is -12 (base 8) in base 14?
-a
What is -22010 (base 3) in base 6?
-1003
What is 3 (base 15) in base 14?
3
What is 2 (base 9) in base 6?
2
What is -2 (base 10) in base 12?
-2
What is -31 (base 12) in base 5?
-122
3 (base 8) to base 4
3
Convert 4 (base 5) to base 2.
100
Convert 45 (base 13) to base 12.
49
What is 12 (base 3) in base 4?
11
4 (base 13) to base 15
4
Convert a (base 16) to base 14.
a
What is 151 (base 12) in base 7?
412
What is -161 (base 10) in base 9?
-188
Convert 3 (base 10) to base 3.
10
31 (base 6) to base 9
21
Convert -111 (base 2) to base 13.
-7
-20 (base 5) to base 16
-a
Convert 1002 (base 3) to base 9.
32
What is 4 (base 7) in base 10?
4
355 (base 8) to base 16
ed
Convert 133 (base 5) to base 11.
3a
What is -17 (base 16) in base 13?
-1a
63 (bas